9
Let o(m) = -m**3 - m**2 - m + 38. Suppose 5*w - 1682 + 1682 = 0. Let r be o(w). What is the highest common factor of r and 57?
19
Suppose 3*f + 5*y = -2*f - 155, -5*f + 4*y = 146. Let s = -11 - f. Let z be (1*2)/(s/76). What is the greatest common factor of 16 and z?
8
Let h = -6144 - -6188. Calculate the greatest common divisor of h and 13684.
44
Let g = -41 - -50. Suppose 48*b - 45*b = g. Calculate the greatest common divisor of 69 and b.
3
Let h(v) = -v**3 - 9*v**2 - 11*v - 1. Let m = 5 - 13. Let c be h(m). Let z = -568 - -821. Calculate the greatest common divisor of z and c.
23
Let y(i) = -15*i**2 - i. Let t be y(-1). Let n = -10 - t. Suppose -95 = -5*g - m - 2*m, 5*m = 25. Calculate the highest common factor of g and n.
4
Let b(f) = 9*f**2 + 504*f - 168. Let u be b(-72). Calculate the greatest common divisor of 48 and u.
24
Let h(c) = c**3 + 165*c**2 + 7*c - 25676. Let b be h(-164). Let r(j) = -17*j + 1. Let q be r(-1). Calculate the greatest common divisor of b and q.
18
Let k(n) = 2*n**2 - 6*n + 2. Let j be k(4). Let m(w) = 15*w + 20. Let z be 72/(-48)*8/(-6). Let p be m(z). Calculate the greatest common divisor of p and j.
10
Suppose -116*q = 77*q + 76*q - 724955. What is the highest common divisor of 21 and q?
7
Let h = -2205 - -2357. Calculate the highest common divisor of 133 and h.
19
Let h = -3080 + 3099. What is the greatest common factor of 2869 and h?
19
Suppose 0 = 21*z - 506 - 208. What is the highest common factor of 1037 and z?
17
Suppose g - 15 = 5*l, g = 6*g - 5*l - 175. Let c = 7 - 3. Let p be 8*3/18*3*c. What is the highest common factor of p and g?
8
Let m be -6*1 + (-315)/(-18)*12/5. What is the greatest common divisor of m and 7092?
36
Let f = -1542 + 2268. Let m = -606 + f. Let i = 43 - 28. What is the greatest common factor of m and i?
15
Suppose -j - 21 = 5*u - 26, 5*u = 4*j + 30. Suppose 3*g + d = 22, g + d - 7 = 3. Let n = -3 + g. Calculate the highest common factor of n and u.
1
Suppose -5*b + 153 = -2*b. Let r be (-6)/(-5) - 4977/(-2765). Calculate the greatest common divisor of b and r.
3
Suppose -2*t - 3*f - 39 = 36, -115 = 3*t + 4*f. Let m = t + 115. Suppose 35*j - 143149 = -139474. Calculate the greatest common factor of j and m.
35
Suppose 0 = 4*m - 378 - 194. Let d(u) = -u**3 - 48*u**2 - 134*u + 56. Let i be d(-45). What is the highest common divisor of i and m?
11
Suppose 0 = -3*k + 8 + 19. Suppose 0*c - 4*w = 2*c - 16, 4*c + 5*w = 26. Suppose -5 = -d - c. Calculate the greatest common divisor of d and k.
1
Let t = 37799 - 37752. What is the highest common factor of t and 8272?
47
Suppose 159*s - 10063 = 8063. Calculate the highest common divisor of 32262 and s.
114
Suppose 3*a - 430 - 539 = 0. Suppose -7*h + 568 = a. Calculate the highest common factor of h and 40.
5
Let s(o) = -43*o + 587. Let i be s(13). Calculate the highest common factor of i and 500.
4
Suppose 0 = 5*z + 5*i - 605, 33*z + 4*i = 38*z - 641. What is the highest common divisor of 75 and z?
25
Suppose -2*y + 29 = 3*p - 137, -3*y + 4*p + 249 = 0. What is the greatest common factor of 1411 and y?
83
Let u(p) = -41*p - 6. Let d be u(3). Let r be ((-4)/(-3))/(d/(-45) + -3). Let y be (-56)/r - 38/(-95). Calculate the highest common divisor of 54 and y.
6
Suppose 5*t = -5 - 10. Let p be (-1)/t*(110 + (-4 - -5)). Suppose 303 - p = 2*i. Calculate the highest common factor of 7 and i.
7
Let f be 11 - (-9)/(63/(-49)). Suppose 3*d + 5*v = 1431, -4*d - f*v + 2372 = d. Calculate the greatest common divisor of 8 and d.
8
Let w = -4464 + 4932. What is the highest common factor of w and 2124?
36
Let h(f) = 69*f - 73. Let b(y) = 23*y - 26. Let z(q) = 17*b(q) - 6*h(q). Suppose 3*j + 12 = -j. Let d be z(j). What is the highest common factor of 13 and d?
13
Suppose 4*j - 10019 = -4*l + 541, j = 3*l + 2664. What is the highest common divisor of j and 630?
126
Let a be 22/308 + 167145/210. What is the highest common divisor of a and 20?
4
Let y be (-77)/(-21) - (-2)/6. Let n be y/((-4)/(-5)) + -4. Let a be (-24)/(-6) - (2 + n). Calculate the greatest common divisor of 1 and a.
1
Suppose 4*m + 5*u = 28, 8 = -2*m + u + 2*u. Let f(z) = -11*z - 8. Let k be f(m). Let c be ((-3)/k)/((-1)/8)*-90. What is the greatest common divisor of c and 9?
9
Suppose 0 = -7*t + 343 + 875. Suppose -t = -14*k + 708. Calculate the highest common factor of 126 and k.
63
Let h be (-105)/(-3)*(1 + 9). Suppose -110*q + 113*q - 103 = 4*t, t - 118 = -5*q. Calculate the highest common factor of h and q.
25
Suppose 4*m - 369 = 4*t - 5, -4*t = 4. Suppose 101*z + 16 = 97*z. Let f be 6 - 2 - z*(-35)/(-10). What is the highest common factor of f and m?
18
Suppose -273 = 63*b - 154*b. What is the highest common factor of b and 375?
3
Suppose 2*g - 5*y - 5 = 0, 0 = -3*g + g - 5*y + 55. Let k = -976 + 982. Suppose 0 = -k*w + 72 - 54. What is the highest common factor of g and w?
3
Let j(n) = 10*n**3 - n**2 - 17*n + 4. Let z be j(2). What is the highest common factor of 8 and z?
2
Suppose -y = 4*n - 431, -3*n + n - 2*y + 214 = 0. Let z(j) = 2*j + n + 2*j - 170. Let h be z(24). What is the greatest common factor of 85 and h?
17
Let b(y) = y**2 - 2*y - 37. Let g be b(-5). Let t be 8784/162 - g/(-9). What is the greatest common factor of t and 6?
6
Suppose -3*h - 12 = 3*a, h + 1 + 0 = -4*a. Let l(x) = 70*x - 1. Let z be l(a). Let v = -68 + z. What is the highest common factor of v and 13?
1
Let p(q) = q**2 - 7*q - 1. Let c be p(7). Let u be 8 + (c - (4 + -2)). Calculate the highest common divisor of u and 35.
5
Let d = -220 + 215. Let p be ((-16)/d)/((-8)/(-60)). Calculate the highest common divisor of 216 and p.
24
Suppose -40*j = -23*j - 170. Let c be j/55 - (-722)/22. What is the greatest common divisor of 308 and c?
11
Let y be ((-2)/1)/(2 + -3). Suppose -y*w = -5*w - 90. Let c be (-2)/12 - (-4 + 545/w). What is the greatest common factor of 22 and c?
22
Suppose -3*y + 43 = 10. Let d(i) = 4*i - 39. Let o be d(y). Suppose 24 = o*g - 21. What is the greatest common factor of g and 9?
9
Let l be 11/(33/948) + 4. Suppose -29*g + 33*g = l. Calculate the greatest common factor of g and 64.
16
Let u(l) = 9*l**2 - 4*l - 5. Let b be u(4). Suppose b = 4*f - 21. Suppose 0 = 98*z - 231 - 945. Calculate the highest common divisor of z and f.
12
Let l(k) = -2*k**3 + 36*k**2 + 142*k + 8. Let o be l(-4). Calculate the highest common factor of o and 26064.
144
Suppose 61*q - 12 = 58*q. Suppose q*b = -6*b + 80. Suppose 5*i - 69 = 4*a - 5, 4*i = 2*a + 50. Calculate the highest common divisor of b and i.
4
Let u be 4/(-3) - (-250)/75. Suppose 5*h + 616 = 2*z, -3*z + 499 = -u*h - 425. What is the greatest common factor of z and 28?
28
Suppose 0 = 3*j + j + 1076. Let l = j - -308. What is the greatest common divisor of l and 26?
13
Let k = 5307 + -3467. Calculate the highest common divisor of k and 10.
10
Let m(y) = 29*y**2 - 11*y - 4. Let t be m(-2). Let r = t + -114. What is the greatest common divisor of r and 140?
20
Let y(t) = -73*t + 2128. Let x be y(29). Calculate the highest common factor of x and 8459.
11
Suppose 23*g - 2*z = 20*g + 275, -460 = -5*g + 5*z. What is the greatest common factor of g and 1456?
91
Let f = -8301 - -8451. What is the greatest common factor of f and 1070?
10
Suppose 36*n = 38*n + 430. Let u be (-1 + (-74)/10)*n/43. Calculate the greatest common divisor of u and 147.
21
Let c = 28 + -29. Let v = 31 + -48. Let q = c - v. What is the highest common factor of q and 80?
16
Let k(c) = -16*c - 4. Let l be k(-5). Let z(r) = 44*r - 2891. Let t be z(67). Calculate the highest common divisor of t and l.
19
Let l be ((-23)/(-3))/((-1)/3). Suppose k = 3*o - 16, 145*o + 12 = 147*o. Let q be 1*(-4)/k*l. What is the highest common divisor of q and 115?
23
Let z(x) = -3*x**3 + 150*x**2 + 11*x - 478. Let r be z(50). Suppose 5*n = 3*k - 145, -147 = -4*k - 4*n - 7. What is the greatest common divisor of r and k?
8
Suppose r + 4*b + 192 = 0, -4*b + 359 - 35 = -2*r. Let g = 334 + r. Let i = -64 - -82. Calculate the highest common divisor of i and g.
18
Suppose -2*v + 140 = -3*q + 24, v = -4*q - 162. Let u = 161 + q. What is the highest common factor of 22 and u?
11
Let a = 14342 + -14181. Calculate the highest common factor of 2 and a.
1
Let g(h) = 12*h - 17. Let a be g(-6). Let v = a + 94. Suppos